1650 and 2850?
150
Calculate the highest common factor of 7848140 and 230444.
4348
Calculate the highest common divisor of 79093001 and 26.
13
What is the highest common factor of 209 and 911677019?
209
Calculate the highest common divisor of 16007770 and 385204.
3634
What is the greatest common divisor of 133450 and 29673?
157
What is the greatest common factor of 666 and 267335730?
666
Calculate the greatest common divisor of 12701941 and 595.
119
What is the greatest common divisor of 272 and 82319984?
272
What is the greatest common divisor of 4655 and 3250415?
245
Calculate the highest common divisor of 34478899 and 55822.
1469
Calculate the greatest common factor of 1080 and 8955900.
540
What is the highest common divisor of 4932 and 48445392?
1644
Calculate the greatest common factor of 7292460 and 6720.
420
What is the highest common factor of 10 and 9671072?
2
What is the greatest common divisor of 8874 and 19403262?
522
What is the greatest common divisor of 2505497 and 7773?
2591
Calculate the highest common divisor of 10766310 and 270.
30
Calculate the greatest common factor of 807303 and 1591.
37
What is the highest common factor of 11796 and 2616?
12
What is the highest common factor of 10 and 40895?
5
What is the greatest common factor of 37979 and 70579?
163
Calculate the highest common divisor of 84 and 859943.
7
Calculate the highest common factor of 798 and 368282586.
798
Calculate the highest common factor of 28118308 and 5588.
508
What is the highest common factor of 698624103 and 138?
69
Calculate the greatest common factor of 23799450 and 25.
25
What is the greatest common factor of 1844 and 127808?
4
What is the highest common factor of 4356 and 328438?
22
Calculate the greatest common factor of 519 and 11619.
3
What is the greatest common factor of 68 and 179548?
4
What is the highest common factor of 40866920 and 85?
5
What is the greatest common divisor of 47220768 and 736?
32
Calculate the greatest common divisor of 127666965 and 15.
15
Calculate the highest common divisor of 378982842 and 2478.
2478
What is the greatest common factor of 3070569 and 276?
69
Calculate the greatest common divisor of 7298491 and 450211.
6341
Calculate the highest common divisor of 7001735 and 2275.
65
What is the highest common factor of 1194916872 and 12?
12
What is the greatest common factor of 455 and 207521041?
91
What is the greatest common factor of 21 and 31651980?
3
What is the highest common divisor of 65516 and 598578?
2978
Calculate the greatest common factor of 940215 and 29640.
285
What is the greatest common factor of 18588 and 3720?
12
Calculate the highest common factor of 1090 and 135160654.
218
Calculate the greatest common divisor of 32 and 120987920.
16
What is the greatest common divisor of 260023884 and 66696?
4764
Calculate the highest common divisor of 26419 and 6883516.
911
Calculate the highest common divisor of 49918587 and 589.
31
What is the greatest common divisor of 91881325 and 2365?
215
Calculate the greatest common factor of 36892 and 172316.
92
What is the highest common factor of 3757 and 290654?
13
Calculate the highest common divisor of 488988 and 23409.
2601
Calculate the greatest common factor of 60 and 1101236820.
60
Calculate the highest common divisor of 1761092620 and 20.
20
What is the greatest common factor of 23392 and 2888640?
544
What is the greatest common factor of 15 and 420105095?
5
Calculate the greatest common divisor of 197 and 83398965.
197
Calculate the highest common divisor of 1957018688 and 16.
16
What is the highest common divisor of 185599854 and 9?
9
What is the highest common factor of 25480436 and 10390?
2078
Calculate the greatest common factor of 580 and 50309635.
145
Calculate the greatest common divisor of 29042 and 14156858.
2234
Calculate the greatest common divisor of 59109053 and 607.
607
Calculate the greatest common divisor of 33224 and 152.
8
What is the greatest common factor of 448 and 2127636?
28
What is the greatest common divisor of 20579118 and 3528?
294
What is the highest common factor of 76 and 93279360?
76
Calculate the highest common divisor of 1606 and 2779678.
22
What is the greatest common divisor of 1056 and 400029432?
264
Calculate the greatest common factor of 60562 and 129614.
566
Calculate the highest common divisor of 720255 and 87.
3
Calculate the highest common divisor of 1799988046 and 94.
94
What is the highest common factor of 37488 and 15408?
48
What is the highest common divisor of 15579 and 668743?
577
Calculate the highest common divisor of 124929 and 1533.
21
Calculate the highest common factor of 68 and 21193868.
4
What is the highest common factor of 124165 and 7505?
95
Calculate the highest common divisor of 374198 and 110814.
1606
What is the greatest common factor of 250099625 and 145?
145
Calculate the greatest common factor of 3509 and 452243.
11
What is the highest common divisor of 2090 and 13870?
190
What is the greatest common factor of 92535508 and 208?
52
Calculate the greatest common divisor of 6 and 8025145.
1
What is the highest common factor of 9282 and 36182562?
1326
Calculate the highest common divisor of 2839508 and 574.
14
Calculate the highest common divisor of 6136272 and 4644.
1548
What is the highest common factor of 375468 and 45766?
934
What is the greatest common factor of 142265500 and 5200?
1300
Calculate the highest common divisor of 4066725 and 156000.
975
What is the greatest common factor of 162 and 32058729?
9
Calculate the highest common factor of 252 and 105021924.
84
Calculate the highest common divisor of 16140000 and 270345.
4035
What is the greatest common factor of 502 and 241974542?
502
What is the highest common factor of 18 and 13413258?
18
Calculate the highest common divisor of 90 and 463104.
18
Calculate the greatest common factor of 49 and 4667943.
7
Calculate the highest common divisor of 1745 and 800430.
5
What is the greatest common divisor of 30627522 and 18072?
4518
What is the highest common factor of 821834 and 3070964?
1898
What is the highest common divisor of 56169 and 4500?
9
Calculate the highest common factor of 610209 and 36.
9
Calculate the greatest common factor of 15 and 1538994.
3
Calculate the highest common factor of 23065542 and 382.
382
What is the greatest common divisor of 23 and 21425535?
23
What is the highest common divisor of 38256 and 145296?
48
What is the greatest common divisor of 105975 and 8285675?
3925
What is the highest common divisor of 546399 and 6615?
1323
What is the greatest common factor of 290 and 527249174?
58
What is the highest common factor of 20599145 and 2415?
805
Calculate the greatest common divisor of 1491 and 6829221.
21
What is the highest common divisor of 262332565 and 385?
55
What is the greatest common divisor of 51909 and 4766311?
1331
What is the highest common factor of 32681 and 11815667?
2971
What is the highest common factor of 1917165 and 94469?
5557
Calculate the highest common divisor of 18 and 325123704.
18
Calculate the highest common factor of 10561010 and 568980.
1090
Calculate the highest common divisor of 3550880 and 320.
160
Calculate the greatest common divisor of 88 and 34587740.
44
What is the highest common factor of 151032063 and 1911?
1911
What is the highest common divisor of 7421 and 2628838?
41
What is the greatest common divisor of 15566 and 2471374?
362
What is the highest common factor of 12 and 6398175?
3
What is the greatest common factor of 110 and 129426?
22
Calculate the highest common factor of 880 and 84404960.
80
What is the greatest common factor of 7669975 and 323?
17
Calculate the highest common divisor of 75 and 3636025.
25
What is the greatest common factor of 5888 and 168652928?
2944
What is the greatest common divisor of 6984 and 3531456?
72
What is the greatest common factor of 27118766 and 2410?
482
Calculate the greatest common divisor of 50449565 and 6268.
1567
What is the greatest common divisor of 900478 and 22?
2
Calculate the greatest common divisor of 22627 and 56491633.
1331
What is the greatest common factor of 71 and 440054521?
71
What is the highest common divisor of 16969554 and 162?
54
Calculate the highest common divisor of 4103298 and 198.
18
What is the highes